{"id":1199,"date":"2021-10-30T21:01:30","date_gmt":"2021-10-30T19:01:30","guid":{"rendered":"https:\/\/mangegenealogie.com\/?page_id=1199"},"modified":"2025-08-02T12:15:49","modified_gmt":"2025-08-02T10:15:49","slug":"espace-prive","status":"publish","type":"page","link":"https:\/\/mangegenealogie.com\/?page_id=1199","title":{"rendered":"Liens utiles"},"content":{"rendered":"\n<h3 class=\"wp-block-heading\">Annuaires de services publics<\/h3>\n\n\n\n<ul>\n<li><a href=\"https:\/\/www.gouvernement.fr\/le-reseau-des-archives-en-france\" target=\"_blank\" rel=\"noreferrer noopener\">R\u00e9seau des archives en France<\/a><\/li>\n\n\n\n<li><a href=\"https:\/\/francearchives.fr\/fr\/services\" target=\"_blank\" rel=\"noreferrer noopener\">Annuaire g\u00e9n\u00e9ral des services d\u2019archives<\/a><\/li>\n\n\n\n<li><a href=\"https:\/\/francearchives.fr\/fr\/annuaire\/departements\" target=\"_blank\" rel=\"noreferrer noopener\">Carte interactive des services d\u2019archives<\/a>&nbsp;(class\u00e9s par d\u00e9partement)<\/li>\n\n\n\n<li><a href=\"https:\/\/www.servicehistorique.sga.defense.gouv.fr\/le-shd-en-france\" target=\"_blank\" rel=\"noreferrer noopener\">Annuaire des centres d\u2019archives du Service historique de la D\u00e9fense (SHD)<\/a><\/li>\n\n\n\n<li><a href=\"https:\/\/www.impots.gouv.fr\/annuaire-des-services-charges-de-lenregistrement\" data-type=\"link\" data-id=\"https:\/\/www.impots.gouv.fr\/annuaire-des-services-charges-de-lenregistrement\" target=\"_blank\" rel=\"noreferrer noopener\">Annuaire des services charg\u00e9s de l\u2019enregistrement<\/a><\/li>\n<\/ul>\n\n\n\n<h3 class=\"wp-block-heading\">R\u00e8gles de communicabilit\u00e9s<\/h3>\n\n\n\n<ul>\n<li><a href=\"https:\/\/francearchives.fr\/file\/52c630f8bc3ec4a8fdb353ace3a04fba5601e65d\/delais%20code%20du%20patrimoine.pdf\" target=\"_blank\" rel=\"noreferrer noopener\">D\u00e9lais de communication<\/a>&nbsp;pr\u00e9vus par le Code du patrimoine (PDF)<\/li>\n\n\n\n<li><a href=\"https:\/\/francearchives.fr\/@docs\/choix-thematique\" target=\"_blank\" rel=\"noreferrer noopener\">Application @docs<\/a>&nbsp;pour conna\u00eetre vos droits d\u2019acc\u00e8s aux documents publics<\/li>\n\n\n\n<li><a href=\"http:\/\/data.culture.fr\/thesaurus\/page\/ark:\/67717\/98b3feb3-744b-4ba3-8381-18ca4a555a4c\" target=\"_blank\" rel=\"noreferrer noopener\">R\u00e9f\u00e9rentiel<\/a>&nbsp;de communicabilit\u00e9 des archives publiques<\/li>\n<\/ul>\n\n\n\n<h3 class=\"wp-block-heading\">Acc\u00e8s et d\u00e9rogations<\/h3>\n\n\n\n<ul>\n<li><a rel=\"noreferrer noopener\" href=\"https:\/\/francearchives.fr\/fr\/file\/3bd653ecfc530922305c084b1c574e5656c4eef0\/formulaire-com-derogation.pdf\" target=\"_blank\">Formulaire de demande d\u2019acc\u00e8s par d\u00e9rogation<\/a>&nbsp;aux documents d\u2019archives publiques (PDF)<\/li>\n\n\n\n<li><a href=\"https:\/\/s3.fr-par.scw.cloud\/anom-p0-bucket\/anom-public\/mediatheque\/documents\/2025-01\/formulaire_de_derogation.pdf?VersionId=1736761516185586\" data-type=\"link\" data-id=\"https:\/\/s3.fr-par.scw.cloud\/anom-p0-bucket\/anom-public\/mediatheque\/documents\/2025-01\/formulaire_de_derogation.pdf?VersionId=1736761516185586\" target=\"_blank\" rel=\"noreferrer noopener\">Formulaire de demande d\u2019acc\u00e8s par d\u00e9rogation<\/a>&nbsp;aux documents d\u2019archives non librement communicables conserv\u00e9s aux Archives nationales d&#8217;outre-mer (PDF)<\/li>\n\n\n\n<li><a href=\"http:\/\/mangegenealogie.com\/wp-content\/uploads\/2022\/03\/aide_recherche_matricule_formulaire_derogation_0_page-0001.pdf\" target=\"_blank\" rel=\"noreferrer noopener\">Formulaire de demande d\u2019acc\u00e8s par d\u00e9rogation<\/a>&nbsp;aux registres matricules militaires non librement communicables en salle de lecture des archives d\u00e9partementales (PDF)<\/li>\n\n\n\n<li><a rel=\"noreferrer noopener\" href=\"https:\/\/www.servicehistorique.sga.defense.gouv.fr\/sites\/default\/files\/2019-11\/FORMULAIRE-RNA.pdf\" target=\"_blank\">Formulaire de demande de consultation<\/a>&nbsp;d\u2019un dossier au Centre des archives du personnel militaire (CAPM) (PDF)<\/li>\n<\/ul>\n","protected":false},"excerpt":{"rendered":"<p>Annuaires de services publics R\u00e8gles de communicabilit\u00e9s Acc\u00e8s et d\u00e9rogations<\/p>\n","protected":false},"author":1,"featured_media":0,"parent":0,"menu_order":0,"comment_status":"closed","ping_status":"closed","template":"","meta":{"disable_featured_image":false,"advanced_seo_description":"","jetpack_seo_html_title":"","jetpack_seo_noindex":false,"footnotes":""},"jetpack_sharing_enabled":true,"_links":{"self":[{"href":"https:\/\/mangegenealogie.com\/index.php?rest_route=\/wp\/v2\/pages\/1199"}],"collection":[{"href":"https:\/\/mangegenealogie.com\/index.php?rest_route=\/wp\/v2\/pages"}],"about":[{"href":"https:\/\/mangegenealogie.com\/index.php?rest_route=\/wp\/v2\/types\/page"}],"author":[{"embeddable":true,"href":"https:\/\/mangegenealogie.com\/index.php?rest_route=\/wp\/v2\/users\/1"}],"replies":[{"embeddable":true,"href":"https:\/\/mangegenealogie.com\/index.php?rest_route=%2Fwp%2Fv2%2Fcomments&post=1199"}],"version-history":[{"count":18,"href":"https:\/\/mangegenealogie.com\/index.php?rest_route=\/wp\/v2\/pages\/1199\/revisions"}],"predecessor-version":[{"id":2575,"href":"https:\/\/mangegenealogie.com\/index.php?rest_route=\/wp\/v2\/pages\/1199\/revisions\/2575"}],"wp:attachment":[{"href":"https:\/\/mangegenealogie.com\/index.php?rest_route=%2Fwp%2Fv2%2Fmedia&parent=1199"}],"curies":[{"name":"wp","href":"https:\/\/api.w.org\/{rel}","templated":true}]}}