{"id":1422,"date":"2021-11-07T01:02:37","date_gmt":"2021-11-07T00:02:37","guid":{"rendered":"https:\/\/mangegenealogie.com\/?page_id=1422"},"modified":"2022-08-25T09:32:12","modified_gmt":"2022-08-25T07:32:12","slug":"galerie-dimages","status":"publish","type":"page","link":"https:\/\/mangegenealogie.com\/?page_id=1422","title":{"rendered":"Galerie d&#8217;images"},"content":{"rendered":"<style>.wp-block-kadence-advancedgallery.kb-gallery-wrap-id-_401693-90{margin-top:40px;margin-right:40px;margin-bottom:40px;margin-left:40px;}.wp-block-kadence-advancedgallery .kb-gallery-type-masonry.kb-gallery-id-_401693-90{margin:-5px;}.kb-gallery-type-masonry.kb-gallery-id-_401693-90 .kadence-blocks-gallery-item{padding:5px;}.kb-gallery-id-_401693-90 .kadence-blocks-gallery-item .kb-gal-image-radius{border-radius:7px 7px 7px 7px;}.kb-gallery-id-_401693-90 .kadence-blocks-gallery-item .kadence-blocks-gallery-item-inner .kadence-blocks-gallery-item__caption{background:linear-gradient( 0deg, rgba(0, 0, 0, 0.5) 0, rgba(0, 0, 0, 0) 100% );}.kb-gallery-caption-style-cover-hover.kb-gallery-id-_401693-90 .kadence-blocks-gallery-item .kadence-blocks-gallery-item-inner .kadence-blocks-gallery-item__caption, .kb-gallery-caption-style-below.kb-gallery-id-_401693-90 .kadence-blocks-gallery-item .kadence-blocks-gallery-item-inner .kadence-blocks-gallery-item__caption{background:rgba(0, 0, 0, 0.5);}<\/style>\n<div class=\"wp-block-kadence-advancedgallery kb-gallery-wrap-id-_401693-90\"><ul class=\"kb-gallery-ul kb-gallery-type-masonry kb-masonry-init kb-gallery-id-_401693-90 kb-gallery-caption-style-cover-hover kb-gallery-filter-none\" data-item-selector=\".kadence-blocks-gallery-item\" data-image-filter=\"none\" data-lightbox-caption=\"true\" data-columns-xxl=\"3\" data-columns-xl=\"3\" data-columns-lg=\"3\" data-columns-md=\"2\" data-columns-sm=\"1\" data-columns-xs=\"1\"><li class=\"kadence-blocks-gallery-item\"><div class=\"kadence-blocks-gallery-item-inner\"><figure class=\"kb-gallery-figure kadence-blocks-gallery-item-has-caption\"><div class=\"kb-gal-image-radius\" style=\"max-width:980px\"><div class=\"kb-gallery-image-contain kadence-blocks-gallery-intrinsic\" style=\"padding-bottom:75%\"><img decoding=\"async\" loading=\"lazy\" src=\"http:\/\/mangegenealogie.com\/wp-content\/uploads\/2022\/08\/IMG_2726-1024x768.jpg\" width=\"980\" height=\"735\" alt=\"\" data-full-image=\"http:\/\/mangegenealogie.com\/wp-content\/uploads\/2022\/08\/IMG_2726-scaled.jpg\" data-light-image=\"http:\/\/mangegenealogie.com\/wp-content\/uploads\/2022\/08\/IMG_2726-scaled.jpg\" data-id=\"2027\" data-link=\"https:\/\/mangegenealogie.com\/?attachment_id=2027\" class=\"wp-image-2027undefined\" srcset=\"https:\/\/mangegenealogie.com\/wp-content\/uploads\/2022\/08\/IMG_2726-1024x768.jpg 1024w, https:\/\/mangegenealogie.com\/wp-content\/uploads\/2022\/08\/IMG_2726-300x225.jpg 300w, https:\/\/mangegenealogie.com\/wp-content\/uploads\/2022\/08\/IMG_2726-768x576.jpg 768w, https:\/\/mangegenealogie.com\/wp-content\/uploads\/2022\/08\/IMG_2726-1536x1152.jpg 1536w, https:\/\/mangegenealogie.com\/wp-content\/uploads\/2022\/08\/IMG_2726-2048x1536.jpg 2048w, https:\/\/mangegenealogie.com\/wp-content\/uploads\/2022\/08\/IMG_2726-416x312.jpg 416w\" sizes=\"(max-width: 980px) 100vw, 980px\" \/><\/div><div class=\"kadence-blocks-gallery-item__caption\">Archives nationales d&#8217;outre mer &#8211; Saint-Domingue : Notariat \/ Bloc-fiches (XVIIIe, XIXe s.)<\/div><\/div><\/figure><\/div><\/li><li class=\"kadence-blocks-gallery-item\"><div class=\"kadence-blocks-gallery-item-inner\"><figure class=\"kb-gallery-figure kadence-blocks-gallery-item-has-caption\"><div class=\"kb-gal-image-radius\" style=\"max-width:980px\"><div class=\"kb-gallery-image-contain kadence-blocks-gallery-intrinsic\" style=\"padding-bottom:100%\"><img decoding=\"async\" loading=\"lazy\" src=\"http:\/\/mangegenealogie.com\/wp-content\/uploads\/2021\/11\/IMG_8820-1024x1024.jpeg\" width=\"980\" height=\"980\" alt=\"\" data-full-image=\"http:\/\/mangegenealogie.com\/wp-content\/uploads\/2021\/11\/IMG_8820-scaled.jpeg\" data-light-image=\"http:\/\/mangegenealogie.com\/wp-content\/uploads\/2021\/11\/IMG_8820-scaled.jpeg\" data-id=\"1428\" data-link=\"https:\/\/mangegenealogie.com\/?attachment_id=1428\" class=\"wp-image-1428undefined\" srcset=\"https:\/\/mangegenealogie.com\/wp-content\/uploads\/2021\/11\/IMG_8820-1024x1024.jpeg 1024w, https:\/\/mangegenealogie.com\/wp-content\/uploads\/2021\/11\/IMG_8820-300x300.jpeg 300w, https:\/\/mangegenealogie.com\/wp-content\/uploads\/2021\/11\/IMG_8820-150x150.jpeg 150w, https:\/\/mangegenealogie.com\/wp-content\/uploads\/2021\/11\/IMG_8820-768x768.jpeg 768w, https:\/\/mangegenealogie.com\/wp-content\/uploads\/2021\/11\/IMG_8820-1536x1536.jpeg 1536w, https:\/\/mangegenealogie.com\/wp-content\/uploads\/2021\/11\/IMG_8820-2048x2048.jpeg 2048w, https:\/\/mangegenealogie.com\/wp-content\/uploads\/2021\/11\/IMG_8820-324x324.jpeg 324w, https:\/\/mangegenealogie.com\/wp-content\/uploads\/2021\/11\/IMG_8820-416x416.jpeg 416w, https:\/\/mangegenealogie.com\/wp-content\/uploads\/2021\/11\/IMG_8820-100x100.jpeg 100w\" sizes=\"(max-width: 980px) 100vw, 980px\" \/><\/div><div class=\"kadence-blocks-gallery-item__caption\">Archives d\u00e9partementales de la Dr\u00f4me &#8211; Minutes notariales (XVIIe s.)<\/div><\/div><\/figure><\/div><\/li><li class=\"kadence-blocks-gallery-item\"><div class=\"kadence-blocks-gallery-item-inner\"><figure class=\"kb-gallery-figure kadence-blocks-gallery-item-has-caption\"><div class=\"kb-gal-image-radius\" style=\"max-width:768px\"><div class=\"kb-gallery-image-contain kadence-blocks-gallery-intrinsic\" style=\"padding-bottom:133.33333333333331%\"><img decoding=\"async\" loading=\"lazy\" src=\"http:\/\/mangegenealogie.com\/wp-content\/uploads\/2021\/11\/IMG_1101-768x1024.jpeg\" width=\"768\" height=\"1024\" alt=\"\" data-full-image=\"http:\/\/mangegenealogie.com\/wp-content\/uploads\/2021\/11\/IMG_1101.jpeg\" data-light-image=\"http:\/\/mangegenealogie.com\/wp-content\/uploads\/2021\/11\/IMG_1101.jpeg\" data-id=\"1435\" data-link=\"https:\/\/mangegenealogie.com\/?attachment_id=1435\" class=\"wp-image-1435undefined\" srcset=\"https:\/\/mangegenealogie.com\/wp-content\/uploads\/2021\/11\/IMG_1101-768x1024.jpeg 768w, https:\/\/mangegenealogie.com\/wp-content\/uploads\/2021\/11\/IMG_1101-225x300.jpeg 225w, https:\/\/mangegenealogie.com\/wp-content\/uploads\/2021\/11\/IMG_1101-1152x1536.jpeg 1152w, https:\/\/mangegenealogie.com\/wp-content\/uploads\/2021\/11\/IMG_1101-1536x2048.jpeg 1536w, https:\/\/mangegenealogie.com\/wp-content\/uploads\/2021\/11\/IMG_1101-416x555.jpeg 416w, https:\/\/mangegenealogie.com\/wp-content\/uploads\/2021\/11\/IMG_1101.jpeg 1920w\" sizes=\"(max-width: 768px) 100vw, 768px\" \/><\/div><div class=\"kadence-blocks-gallery-item__caption\">Archives d\u00e9partementales de l&#8217;Is\u00e8re &#8211; Les magasins<\/div><\/div><\/figure><\/div><\/li><li class=\"kadence-blocks-gallery-item\"><div class=\"kadence-blocks-gallery-item-inner\"><figure class=\"kb-gallery-figure kadence-blocks-gallery-item-has-caption\"><div class=\"kb-gal-image-radius\" style=\"max-width:768px\"><div class=\"kb-gallery-image-contain kadence-blocks-gallery-intrinsic\" style=\"padding-bottom:133.33333333333331%\"><img decoding=\"async\" loading=\"lazy\" src=\"http:\/\/mangegenealogie.com\/wp-content\/uploads\/2021\/11\/IMG_0402-768x1024.jpg\" width=\"768\" height=\"1024\" alt=\"\" data-full-image=\"http:\/\/mangegenealogie.com\/wp-content\/uploads\/2021\/11\/IMG_0402-scaled.jpg\" data-light-image=\"http:\/\/mangegenealogie.com\/wp-content\/uploads\/2021\/11\/IMG_0402-scaled.jpg\" data-id=\"1425\" data-link=\"https:\/\/mangegenealogie.com\/?attachment_id=1425\" class=\"wp-image-1425undefined\" srcset=\"https:\/\/mangegenealogie.com\/wp-content\/uploads\/2021\/11\/IMG_0402-768x1024.jpg 768w, https:\/\/mangegenealogie.com\/wp-content\/uploads\/2021\/11\/IMG_0402-225x300.jpg 225w, https:\/\/mangegenealogie.com\/wp-content\/uploads\/2021\/11\/IMG_0402-1152x1536.jpg 1152w, https:\/\/mangegenealogie.com\/wp-content\/uploads\/2021\/11\/IMG_0402-1536x2048.jpg 1536w, https:\/\/mangegenealogie.com\/wp-content\/uploads\/2021\/11\/IMG_0402-416x555.jpg 416w, https:\/\/mangegenealogie.com\/wp-content\/uploads\/2021\/11\/IMG_0402-scaled.jpg 1920w\" sizes=\"(max-width: 768px) 100vw, 768px\" \/><\/div><div class=\"kadence-blocks-gallery-item__caption\">Archives d\u00e9partementales de l&#8217;Is\u00e8re &#8211; Fonds de l&#8217;Enregistrement : table des successions et absences (XIXe s.)<\/div><\/div><\/figure><\/div><\/li><li class=\"kadence-blocks-gallery-item\"><div class=\"kadence-blocks-gallery-item-inner\"><figure class=\"kb-gallery-figure kadence-blocks-gallery-item-has-caption\"><div class=\"kb-gal-image-radius\" style=\"max-width:768px\"><div class=\"kb-gallery-image-contain kadence-blocks-gallery-intrinsic\" style=\"padding-bottom:133.33333333333331%\"><img decoding=\"async\" loading=\"lazy\" src=\"http:\/\/mangegenealogie.com\/wp-content\/uploads\/2021\/11\/IMG_2295-768x1024.jpg\" width=\"768\" height=\"1024\" alt=\"\" data-full-image=\"http:\/\/mangegenealogie.com\/wp-content\/uploads\/2021\/11\/IMG_2295-scaled.jpg\" data-light-image=\"http:\/\/mangegenealogie.com\/wp-content\/uploads\/2021\/11\/IMG_2295-scaled.jpg\" data-id=\"1426\" data-link=\"https:\/\/mangegenealogie.com\/?attachment_id=1426\" class=\"wp-image-1426undefined\" srcset=\"https:\/\/mangegenealogie.com\/wp-content\/uploads\/2021\/11\/IMG_2295-768x1024.jpg 768w, https:\/\/mangegenealogie.com\/wp-content\/uploads\/2021\/11\/IMG_2295-225x300.jpg 225w, https:\/\/mangegenealogie.com\/wp-content\/uploads\/2021\/11\/IMG_2295-1152x1536.jpg 1152w, https:\/\/mangegenealogie.com\/wp-content\/uploads\/2021\/11\/IMG_2295-1536x2048.jpg 1536w, https:\/\/mangegenealogie.com\/wp-content\/uploads\/2021\/11\/IMG_2295-416x555.jpg 416w, https:\/\/mangegenealogie.com\/wp-content\/uploads\/2021\/11\/IMG_2295-scaled.jpg 1920w\" sizes=\"(max-width: 768px) 100vw, 768px\" \/><\/div><div class=\"kadence-blocks-gallery-item__caption\">Archives d\u00e9partementales de l&#8217;Aube &#8211; Registre de catholicit\u00e9 de Brienne-le-Ch\u00e2teau (XIXe s.)<\/div><\/div><\/figure><\/div><\/li><li class=\"kadence-blocks-gallery-item\"><div class=\"kadence-blocks-gallery-item-inner\"><figure class=\"kb-gallery-figure kadence-blocks-gallery-item-has-caption\"><div class=\"kb-gal-image-radius\" style=\"max-width:768px\"><div class=\"kb-gallery-image-contain kadence-blocks-gallery-intrinsic\" style=\"padding-bottom:133.33333333333331%\"><img decoding=\"async\" loading=\"lazy\" src=\"http:\/\/mangegenealogie.com\/wp-content\/uploads\/2021\/11\/IMG_1102-768x1024.jpeg\" width=\"768\" height=\"1024\" alt=\"\" data-full-image=\"http:\/\/mangegenealogie.com\/wp-content\/uploads\/2021\/11\/IMG_1102.jpeg\" data-light-image=\"http:\/\/mangegenealogie.com\/wp-content\/uploads\/2021\/11\/IMG_1102.jpeg\" data-id=\"1436\" data-link=\"https:\/\/mangegenealogie.com\/?attachment_id=1436\" class=\"wp-image-1436undefined\" srcset=\"https:\/\/mangegenealogie.com\/wp-content\/uploads\/2021\/11\/IMG_1102-768x1024.jpeg 768w, https:\/\/mangegenealogie.com\/wp-content\/uploads\/2021\/11\/IMG_1102-225x300.jpeg 225w, https:\/\/mangegenealogie.com\/wp-content\/uploads\/2021\/11\/IMG_1102-1152x1536.jpeg 1152w, https:\/\/mangegenealogie.com\/wp-content\/uploads\/2021\/11\/IMG_1102-1536x2048.jpeg 1536w, https:\/\/mangegenealogie.com\/wp-content\/uploads\/2021\/11\/IMG_1102-416x555.jpeg 416w, https:\/\/mangegenealogie.com\/wp-content\/uploads\/2021\/11\/IMG_1102.jpeg 1920w\" sizes=\"(max-width: 768px) 100vw, 768px\" \/><\/div><div class=\"kadence-blocks-gallery-item__caption\">Archives d\u00e9partementales de l&#8217;Is\u00e8re &#8211; Les magasins<\/div><\/div><\/figure><\/div><\/li><li class=\"kadence-blocks-gallery-item\"><div class=\"kadence-blocks-gallery-item-inner\"><figure class=\"kb-gallery-figure kadence-blocks-gallery-item-has-caption\"><div class=\"kb-gal-image-radius\" style=\"max-width:720px\"><div class=\"kb-gallery-image-contain kadence-blocks-gallery-intrinsic\" style=\"padding-bottom:133.33333333333331%\"><img decoding=\"async\" loading=\"lazy\" src=\"http:\/\/mangegenealogie.com\/wp-content\/uploads\/2021\/11\/IMG_0421.jpg\" width=\"720\" height=\"960\" alt=\"\" data-full-image=\"http:\/\/mangegenealogie.com\/wp-content\/uploads\/2021\/11\/IMG_0421.jpg\" data-light-image=\"http:\/\/mangegenealogie.com\/wp-content\/uploads\/2021\/11\/IMG_0421.jpg\" data-id=\"1456\" data-link=\"https:\/\/mangegenealogie.com\/?attachment_id=1456\" class=\"wp-image-1456undefined\" srcset=\"https:\/\/mangegenealogie.com\/wp-content\/uploads\/2021\/11\/IMG_0421.jpg 720w, https:\/\/mangegenealogie.com\/wp-content\/uploads\/2021\/11\/IMG_0421-225x300.jpg 225w, https:\/\/mangegenealogie.com\/wp-content\/uploads\/2021\/11\/IMG_0421-416x555.jpg 416w\" sizes=\"(max-width: 720px) 100vw, 720px\" \/><\/div><div class=\"kadence-blocks-gallery-item__caption\">Archives d\u00e9partementales de la Savoie &#8211; Fonds des Hypoth\u00e8ques (P\u00e9riode sarde, XIXe s.)<\/div><\/div><\/figure><\/div><\/li><li class=\"kadence-blocks-gallery-item\"><div class=\"kadence-blocks-gallery-item-inner\"><figure class=\"kb-gallery-figure kadence-blocks-gallery-item-has-caption\"><div class=\"kb-gal-image-radius\" style=\"max-width:720px\"><div class=\"kb-gallery-image-contain kadence-blocks-gallery-intrinsic\" style=\"padding-bottom:100%\"><img decoding=\"async\" loading=\"lazy\" src=\"http:\/\/mangegenealogie.com\/wp-content\/uploads\/2021\/11\/IMG_0234.jpg\" width=\"720\" height=\"720\" alt=\"\" data-full-image=\"http:\/\/mangegenealogie.com\/wp-content\/uploads\/2021\/11\/IMG_0234.jpg\" data-light-image=\"http:\/\/mangegenealogie.com\/wp-content\/uploads\/2021\/11\/IMG_0234.jpg\" data-id=\"1433\" data-link=\"https:\/\/mangegenealogie.com\/?attachment_id=1433\" class=\"wp-image-1433undefined\" srcset=\"https:\/\/mangegenealogie.com\/wp-content\/uploads\/2021\/11\/IMG_0234.jpg 720w, https:\/\/mangegenealogie.com\/wp-content\/uploads\/2021\/11\/IMG_0234-300x300.jpg 300w, https:\/\/mangegenealogie.com\/wp-content\/uploads\/2021\/11\/IMG_0234-150x150.jpg 150w, https:\/\/mangegenealogie.com\/wp-content\/uploads\/2021\/11\/IMG_0234-324x324.jpg 324w, https:\/\/mangegenealogie.com\/wp-content\/uploads\/2021\/11\/IMG_0234-416x416.jpg 416w, https:\/\/mangegenealogie.com\/wp-content\/uploads\/2021\/11\/IMG_0234-100x100.jpg 100w\" sizes=\"(max-width: 720px) 100vw, 720px\" \/><\/div><div class=\"kadence-blocks-gallery-item__caption\">Archives nationales d&#8217;outre mer &#8211; La salle de consultation<\/div><\/div><\/figure><\/div><\/li><li class=\"kadence-blocks-gallery-item\"><div class=\"kadence-blocks-gallery-item-inner\"><figure class=\"kb-gallery-figure kadence-blocks-gallery-item-has-caption\"><div class=\"kb-gal-image-radius\" style=\"max-width:720px\"><div class=\"kb-gallery-image-contain kadence-blocks-gallery-intrinsic\" style=\"padding-bottom:133.33333333333331%\"><img decoding=\"async\" loading=\"lazy\" src=\"http:\/\/mangegenealogie.com\/wp-content\/uploads\/2021\/11\/IMG_0329.jpg\" width=\"720\" height=\"960\" alt=\"\" data-full-image=\"http:\/\/mangegenealogie.com\/wp-content\/uploads\/2021\/11\/IMG_0329.jpg\" data-light-image=\"http:\/\/mangegenealogie.com\/wp-content\/uploads\/2021\/11\/IMG_0329.jpg\" data-id=\"1452\" data-link=\"https:\/\/mangegenealogie.com\/?attachment_id=1452\" class=\"wp-image-1452undefined\" srcset=\"https:\/\/mangegenealogie.com\/wp-content\/uploads\/2021\/11\/IMG_0329.jpg 720w, https:\/\/mangegenealogie.com\/wp-content\/uploads\/2021\/11\/IMG_0329-225x300.jpg 225w, https:\/\/mangegenealogie.com\/wp-content\/uploads\/2021\/11\/IMG_0329-416x555.jpg 416w\" sizes=\"(max-width: 720px) 100vw, 720px\" \/><\/div><div class=\"kadence-blocks-gallery-item__caption\">Archives nationales d&#8217;outre mer &#8211; Guadeloupe : Minutes notariales (XVIIIe, XIXe s.)<\/div><\/div><\/figure><\/div><\/li><li class=\"kadence-blocks-gallery-item\"><div class=\"kadence-blocks-gallery-item-inner\"><figure class=\"kb-gallery-figure kadence-blocks-gallery-item-has-caption\"><div class=\"kb-gal-image-radius\" style=\"max-width:768px\"><div class=\"kb-gallery-image-contain kadence-blocks-gallery-intrinsic\" style=\"padding-bottom:133.33333333333331%\"><img decoding=\"async\" loading=\"lazy\" src=\"http:\/\/mangegenealogie.com\/wp-content\/uploads\/2021\/11\/IMG_0432-768x1024.jpg\" width=\"768\" height=\"1024\" alt=\"\" data-full-image=\"http:\/\/mangegenealogie.com\/wp-content\/uploads\/2021\/11\/IMG_0432.jpg\" data-light-image=\"http:\/\/mangegenealogie.com\/wp-content\/uploads\/2021\/11\/IMG_0432.jpg\" data-id=\"1455\" data-link=\"https:\/\/mangegenealogie.com\/?attachment_id=1455\" class=\"wp-image-1455undefined\" srcset=\"https:\/\/mangegenealogie.com\/wp-content\/uploads\/2021\/11\/IMG_0432-768x1024.jpg 768w, https:\/\/mangegenealogie.com\/wp-content\/uploads\/2021\/11\/IMG_0432-225x300.jpg 225w, https:\/\/mangegenealogie.com\/wp-content\/uploads\/2021\/11\/IMG_0432-416x555.jpg 416w, https:\/\/mangegenealogie.com\/wp-content\/uploads\/2021\/11\/IMG_0432.jpg 1080w\" sizes=\"(max-width: 768px) 100vw, 768px\" \/><\/div><div class=\"kadence-blocks-gallery-item__caption\">Archives d\u00e9partementales de l&#8217;Is\u00e8re &#8211; Fonds de l&#8217;h\u00f4pital de Voiron (XXe s.)<\/div><\/div><\/figure><\/div><\/li><li class=\"kadence-blocks-gallery-item\"><div class=\"kadence-blocks-gallery-item-inner\"><figure class=\"kb-gallery-figure kadence-blocks-gallery-item-has-caption\"><div class=\"kb-gal-image-radius\" style=\"max-width:720px\"><div class=\"kb-gallery-image-contain kadence-blocks-gallery-intrinsic\" style=\"padding-bottom:133.33333333333331%\"><img decoding=\"async\" loading=\"lazy\" src=\"http:\/\/mangegenealogie.com\/wp-content\/uploads\/2021\/11\/IMG_0383.jpg\" width=\"720\" height=\"960\" alt=\"\" data-full-image=\"http:\/\/mangegenealogie.com\/wp-content\/uploads\/2021\/11\/IMG_0383.jpg\" data-light-image=\"http:\/\/mangegenealogie.com\/wp-content\/uploads\/2021\/11\/IMG_0383.jpg\" data-id=\"1453\" data-link=\"https:\/\/mangegenealogie.com\/?attachment_id=1453\" class=\"wp-image-1453undefined\" srcset=\"https:\/\/mangegenealogie.com\/wp-content\/uploads\/2021\/11\/IMG_0383.jpg 720w, https:\/\/mangegenealogie.com\/wp-content\/uploads\/2021\/11\/IMG_0383-225x300.jpg 225w, https:\/\/mangegenealogie.com\/wp-content\/uploads\/2021\/11\/IMG_0383-416x555.jpg 416w\" sizes=\"(max-width: 720px) 100vw, 720px\" \/><\/div><div class=\"kadence-blocks-gallery-item__caption\">Archives nationales d&#8217;outre mer &#8211; Martinique : Minutes notariales (XIXe s.)<\/div><\/div><\/figure><\/div><\/li><li class=\"kadence-blocks-gallery-item\"><div class=\"kadence-blocks-gallery-item-inner\"><figure class=\"kb-gallery-figure kadence-blocks-gallery-item-has-caption\"><div class=\"kb-gal-image-radius\" style=\"max-width:768px\"><div class=\"kb-gallery-image-contain kadence-blocks-gallery-intrinsic\" style=\"padding-bottom:133.33333333333331%\"><img decoding=\"async\" loading=\"lazy\" src=\"http:\/\/mangegenealogie.com\/wp-content\/uploads\/2021\/11\/IMG_1100-768x1024.jpeg\" width=\"768\" height=\"1024\" alt=\"\" data-full-image=\"http:\/\/mangegenealogie.com\/wp-content\/uploads\/2021\/11\/IMG_1100.jpeg\" data-light-image=\"http:\/\/mangegenealogie.com\/wp-content\/uploads\/2021\/11\/IMG_1100.jpeg\" data-id=\"1434\" data-link=\"https:\/\/mangegenealogie.com\/?attachment_id=1434\" class=\"wp-image-1434undefined\" srcset=\"https:\/\/mangegenealogie.com\/wp-content\/uploads\/2021\/11\/IMG_1100-768x1024.jpeg 768w, https:\/\/mangegenealogie.com\/wp-content\/uploads\/2021\/11\/IMG_1100-225x300.jpeg 225w, https:\/\/mangegenealogie.com\/wp-content\/uploads\/2021\/11\/IMG_1100-1152x1536.jpeg 1152w, https:\/\/mangegenealogie.com\/wp-content\/uploads\/2021\/11\/IMG_1100-1536x2048.jpeg 1536w, https:\/\/mangegenealogie.com\/wp-content\/uploads\/2021\/11\/IMG_1100-416x555.jpeg 416w, https:\/\/mangegenealogie.com\/wp-content\/uploads\/2021\/11\/IMG_1100.jpeg 1920w\" sizes=\"(max-width: 768px) 100vw, 768px\" \/><\/div><div class=\"kadence-blocks-gallery-item__caption\">Archives d\u00e9partementales de l&#8217;Is\u00e8re &#8211; Les magasins<\/div><\/div><\/figure><\/div><\/li><li class=\"kadence-blocks-gallery-item\"><div class=\"kadence-blocks-gallery-item-inner\"><figure class=\"kb-gallery-figure kadence-blocks-gallery-item-has-caption\"><div class=\"kb-gal-image-radius\" style=\"max-width:980px\"><div class=\"kb-gallery-image-contain kadence-blocks-gallery-intrinsic\" style=\"padding-bottom:75%\"><img decoding=\"async\" loading=\"lazy\" src=\"http:\/\/mangegenealogie.com\/wp-content\/uploads\/2021\/11\/IMG_8389-1024x768.jpg\" width=\"980\" height=\"735\" alt=\"\" data-full-image=\"http:\/\/mangegenealogie.com\/wp-content\/uploads\/2021\/11\/IMG_8389-scaled.jpg\" data-light-image=\"http:\/\/mangegenealogie.com\/wp-content\/uploads\/2021\/11\/IMG_8389-scaled.jpg\" data-id=\"1427\" data-link=\"https:\/\/mangegenealogie.com\/?attachment_id=1427\" class=\"wp-image-1427undefined\" srcset=\"https:\/\/mangegenealogie.com\/wp-content\/uploads\/2021\/11\/IMG_8389-1024x768.jpg 1024w, https:\/\/mangegenealogie.com\/wp-content\/uploads\/2021\/11\/IMG_8389-300x225.jpg 300w, https:\/\/mangegenealogie.com\/wp-content\/uploads\/2021\/11\/IMG_8389-768x576.jpg 768w, https:\/\/mangegenealogie.com\/wp-content\/uploads\/2021\/11\/IMG_8389-1536x1152.jpg 1536w, https:\/\/mangegenealogie.com\/wp-content\/uploads\/2021\/11\/IMG_8389-2048x1536.jpg 2048w, https:\/\/mangegenealogie.com\/wp-content\/uploads\/2021\/11\/IMG_8389-416x312.jpg 416w\" sizes=\"(max-width: 980px) 100vw, 980px\" \/><\/div><div class=\"kadence-blocks-gallery-item__caption\">Archives d\u00e9partementales de l&#8217;Is\u00e8re &#8211; Minutes notariales (XVIIIe s.)<\/div><\/div><\/figure><\/div><\/li><li class=\"kadence-blocks-gallery-item\"><div class=\"kadence-blocks-gallery-item-inner\"><figure class=\"kb-gallery-figure kadence-blocks-gallery-item-has-caption\"><div class=\"kb-gal-image-radius\" style=\"max-width:768px\"><div class=\"kb-gallery-image-contain kadence-blocks-gallery-intrinsic\" style=\"padding-bottom:133.33333333333331%\"><img decoding=\"async\" loading=\"lazy\" src=\"http:\/\/mangegenealogie.com\/wp-content\/uploads\/2021\/11\/IMG_0320-768x1024.jpg\" width=\"768\" height=\"1024\" alt=\"\" data-full-image=\"http:\/\/mangegenealogie.com\/wp-content\/uploads\/2021\/11\/IMG_0320-scaled.jpg\" data-light-image=\"http:\/\/mangegenealogie.com\/wp-content\/uploads\/2021\/11\/IMG_0320-scaled.jpg\" data-id=\"1451\" data-link=\"https:\/\/mangegenealogie.com\/?attachment_id=1451\" class=\"wp-image-1451undefined\" srcset=\"https:\/\/mangegenealogie.com\/wp-content\/uploads\/2021\/11\/IMG_0320-768x1024.jpg 768w, https:\/\/mangegenealogie.com\/wp-content\/uploads\/2021\/11\/IMG_0320-225x300.jpg 225w, https:\/\/mangegenealogie.com\/wp-content\/uploads\/2021\/11\/IMG_0320-1152x1536.jpg 1152w, https:\/\/mangegenealogie.com\/wp-content\/uploads\/2021\/11\/IMG_0320-1536x2048.jpg 1536w, https:\/\/mangegenealogie.com\/wp-content\/uploads\/2021\/11\/IMG_0320-416x555.jpg 416w, https:\/\/mangegenealogie.com\/wp-content\/uploads\/2021\/11\/IMG_0320-scaled.jpg 1920w\" sizes=\"(max-width: 768px) 100vw, 768px\" \/><\/div><div class=\"kadence-blocks-gallery-item__caption\">Archives d\u00e9partementales de l&#8217;Is\u00e8re &#8211; Contr\u00f4le des actes (XVIIIe s.)<\/div><\/div><\/figure><\/div><\/li><li class=\"kadence-blocks-gallery-item\"><div class=\"kadence-blocks-gallery-item-inner\"><figure class=\"kb-gallery-figure kadence-blocks-gallery-item-has-caption\"><div class=\"kb-gal-image-radius\" style=\"max-width:960px\"><div class=\"kb-gallery-image-contain kadence-blocks-gallery-intrinsic\" style=\"padding-bottom:75%\"><img decoding=\"async\" loading=\"lazy\" src=\"http:\/\/mangegenealogie.com\/wp-content\/uploads\/2021\/11\/IMG_0301.jpg\" width=\"960\" height=\"720\" alt=\"\" data-full-image=\"http:\/\/mangegenealogie.com\/wp-content\/uploads\/2021\/11\/IMG_0301.jpg\" data-light-image=\"http:\/\/mangegenealogie.com\/wp-content\/uploads\/2021\/11\/IMG_0301.jpg\" data-id=\"1450\" data-link=\"https:\/\/mangegenealogie.com\/?attachment_id=1450\" class=\"wp-image-1450undefined\" srcset=\"https:\/\/mangegenealogie.com\/wp-content\/uploads\/2021\/11\/IMG_0301.jpg 960w, https:\/\/mangegenealogie.com\/wp-content\/uploads\/2021\/11\/IMG_0301-300x225.jpg 300w, https:\/\/mangegenealogie.com\/wp-content\/uploads\/2021\/11\/IMG_0301-768x576.jpg 768w, https:\/\/mangegenealogie.com\/wp-content\/uploads\/2021\/11\/IMG_0301-416x312.jpg 416w\" sizes=\"(max-width: 960px) 100vw, 960px\" \/><\/div><div class=\"kadence-blocks-gallery-item__caption\">Archives d\u00e9partementales de l&#8217;Is\u00e8re &#8211; Fonds de l&#8217;Enregistrement : table des mariages (XIXe s.)<\/div><\/div><\/figure><\/div><\/li><li class=\"kadence-blocks-gallery-item\"><div class=\"kadence-blocks-gallery-item-inner\"><figure class=\"kb-gallery-figure kadence-blocks-gallery-item-has-caption\"><div class=\"kb-gal-image-radius\" style=\"max-width:720px\"><div class=\"kb-gallery-image-contain kadence-blocks-gallery-intrinsic\" style=\"padding-bottom:133.33333333333331%\"><img decoding=\"async\" loading=\"lazy\" src=\"http:\/\/mangegenealogie.com\/wp-content\/uploads\/2021\/11\/IMG_0399.jpg\" width=\"720\" height=\"960\" alt=\"\" data-full-image=\"http:\/\/mangegenealogie.com\/wp-content\/uploads\/2021\/11\/IMG_0399.jpg\" data-light-image=\"http:\/\/mangegenealogie.com\/wp-content\/uploads\/2021\/11\/IMG_0399.jpg\" data-id=\"1454\" data-link=\"https:\/\/mangegenealogie.com\/?attachment_id=1454\" class=\"wp-image-1454undefined\" srcset=\"https:\/\/mangegenealogie.com\/wp-content\/uploads\/2021\/11\/IMG_0399.jpg 720w, https:\/\/mangegenealogie.com\/wp-content\/uploads\/2021\/11\/IMG_0399-225x300.jpg 225w, https:\/\/mangegenealogie.com\/wp-content\/uploads\/2021\/11\/IMG_0399-416x555.jpg 416w\" sizes=\"(max-width: 720px) 100vw, 720px\" \/><\/div><div class=\"kadence-blocks-gallery-item__caption\">Archives d\u00e9partementales de l&#8217;Aube &#8211; Archives militaires : liste du tirage (XIXe s.)<\/div><\/div><\/figure><\/div><\/li><\/ul><\/div>\n","protected":false},"excerpt":{"rendered":"","protected":false},"author":1,"featured_media":0,"parent":0,"menu_order":0,"comment_status":"closed","ping_status":"closed","template":"","meta":{"disable_featured_image":false,"advanced_seo_description":"","jetpack_seo_html_title":"","jetpack_seo_noindex":false,"footnotes":""},"jetpack_sharing_enabled":true,"_links":{"self":[{"href":"https:\/\/mangegenealogie.com\/index.php?rest_route=\/wp\/v2\/pages\/1422"}],"collection":[{"href":"https:\/\/mangegenealogie.com\/index.php?rest_route=\/wp\/v2\/pages"}],"about":[{"href":"https:\/\/mangegenealogie.com\/index.php?rest_route=\/wp\/v2\/types\/page"}],"author":[{"embeddable":true,"href":"https:\/\/mangegenealogie.com\/index.php?rest_route=\/wp\/v2\/users\/1"}],"replies":[{"embeddable":true,"href":"https:\/\/mangegenealogie.com\/index.php?rest_route=%2Fwp%2Fv2%2Fcomments&post=1422"}],"version-history":[{"count":4,"href":"https:\/\/mangegenealogie.com\/index.php?rest_route=\/wp\/v2\/pages\/1422\/revisions"}],"predecessor-version":[{"id":2103,"href":"https:\/\/mangegenealogie.com\/index.php?rest_route=\/wp\/v2\/pages\/1422\/revisions\/2103"}],"wp:attachment":[{"href":"https:\/\/mangegenealogie.com\/index.php?rest_route=%2Fwp%2Fv2%2Fmedia&parent=1422"}],"curies":[{"name":"wp","href":"https:\/\/api.w.org\/{rel}","templated":true}]}}